{"id":8924,"date":"2015-05-11T21:04:51","date_gmt":"2015-05-11T21:04:51","guid":{"rendered":"http:\/\/www.figueirabodyboard.com\/?page_id=8924"},"modified":"2018-05-10T08:25:52","modified_gmt":"2018-05-10T08:25:52","slug":"circuito-intersocios-de-bodyboard","status":"publish","type":"page","link":"https:\/\/www.figueirabodyboard.pt\/?page_id=8924","title":{"rendered":"Circuito Inters\u00f3cios de Bodyboard"},"content":{"rendered":"<p>A HIST\u00d3RIA DO CIRCUITO INTERS\u00d3CIOS<\/p>\n<span class=\"mk-dropcaps mk-shortcode simple-style \">N<\/span><span class=\"s4\">o seu 1\u00ba ano de exist\u00eancia (1994), o objetivo da ABFM foi organizar um circuito inters\u00f3cios de 3 categorias com 4 etapas, a realizar ao longo do ano nas praias da Figueira da Foz. Este circuito, de caracter\u00edsticas orientadas para o Bodyboard, iria incentivar mais bodyboarders para a competi\u00e7\u00e3o e divulgar a modalidade na \u00e1rea da Figueira da Foz, al\u00e9m de ajudar a cativar mais jovens para a sua pr\u00e1tica. Este objetivo inicial, idealizado pelos fundadores da ABFM, foi plenamente atingido.<\/span><\/p>\n<p class=\"s3\"><span class=\"s4\">Realizou-se assim o 1\u00ba Circuito Inters\u00f3cios ABFM, o qual consagrou os primeiros campe\u00f5es locais, que foram: <\/span><strong><span class=\"s5\">Miguel Gravato em Open, Andr\u00e9 Martins em Sub-18 e Lu\u00eds Pereira em Sub-16<\/span><\/strong><span class=\"s4\">. A divulga\u00e7\u00e3o da ABFM e do seu 1\u00ba Inters\u00f3cios foi feita com ajuda do programa da SIC, \u201cPortugal Radical\u201d e de alguns amigos nossos, conhecidos da comunidade de bodyboarders a n\u00edvel nacional, como s\u00e3o exemplo a Dora Gomes, o Miguel Pires e a Rita Pires. Por fim, fech\u00e1mos esse 1\u00ba ano de atividade com uma grande festa de entrega de pr\u00e9<\/span><span class=\"s4\">mios na discoteca Pessid\u00f3nio. Segue o hist\u00f3rico dos vencedores em cada ano realizado, n\u00e3o tendo na nossa posse todos os vencedores.<\/span><\/p>\n<p>VENCEDORES<\/p>\n<p style=\"text-align: left;\"><strong>1994<br \/>\n<\/strong>Sub 14- Luis Pereira<br \/>\nSub 16- Miguel Martins<br \/>\nSub 18- Jo\u00e3o Galamba<br \/>\nOpen- Miguel Gravato<\/p>\n<p><strong>1995<br \/>\n<\/strong>Sub 14- Pedro Guedes<br \/>\nSub 16- Luis Pereira<br \/>\nSub 18- Luis Pereira<br \/>\nOpen- Nuno Trov\u00e3o<br \/>\nSeniores-Pedro Casqueira<\/p>\n<p><strong>1996<br \/>\n<\/strong>Sub 14- Miguel Martins<br \/>\nSub 16- Luis Pereira<br \/>\nSub 18- Luis Pereira<br \/>\nOpen- Nuno Trov\u00e3o<\/p>\n<p><strong>1997<\/strong><br \/>\nSub 16-<br \/>\nSub 18-<br \/>\nOpen-<\/p>\n<p><strong>1998<\/strong><br \/>\nSub 16-Antonio Tomas<br \/>\nSub 18- Luis Pereira<br \/>\nOpen- Luis Pereira<\/p>\n<p><strong>1999<\/strong><br \/>\nSub 16- Fabio Laureano<br \/>\nSub 18- Pedro Guedes<br \/>\nOpen- Luis Pereira<\/p>\n<p><strong>2000<br \/>\n<\/strong>Sub 16- Jorge Andr\u00e9<br \/>\nSub 18- Antonio Tomas<br \/>\nOpen- Miguel Lopes<br \/>\nDrop Knee- Luis Pereira<\/p>\n<p><strong>2001<br \/>\n<\/strong>Sub 16- Jaime Jesus<br \/>\nSub 18- Fabio Laureano<br \/>\nOpen- Nuno Martelo<br \/>\nDrop Knee- Luis Pereira<\/p>\n<p><strong>2002<\/strong><br \/>\nSub 16- Jaime Jesus<br \/>\nSub 18- Fabio Laureano<br \/>\nOpen- Luis Pereira<br \/>\nDrop Knee- Luis Pereira<\/p>\n<p><strong>2003<\/strong><br \/>\nSub 16-Jaime Jesus<br \/>\nSub 18- Fabio Laureano<br \/>\nOpen- Fabio Laureano<\/p>\n<p><strong>2004<\/strong><br \/>\nSub 16-Bernardo Jer\u00f3nimo<br \/>\nSub 18- Jaime Jesus<br \/>\nOpen- Jaime Jesus<\/p>\n<p><strong>2005<\/strong><br \/>\nSub 16-<br \/>\nSub 18- Jaime Jesus<br \/>\nOpen- Jaime Jesus<\/p>\n<p><strong>2006<\/strong><br \/>\nSub 16-<br \/>\nSub 18-<br \/>\nOpen-<\/p>\n<p><strong>2007<\/strong><br \/>\nSub 16-<br \/>\nSub 18-<br \/>\nOpen-<\/p>\n<p><strong>2008<\/strong><br \/>\nSub 16-<br \/>\nSub 18-<br \/>\nOpen-<\/p>\n<p><strong>2009<\/strong><br \/>\nSub 16-<br \/>\nSub 18-<br \/>\nOpen-<\/p>\n<p><strong>2010<\/strong><br \/>\nSub 16- Miguel Ad\u00e3o<br \/>\nSub 18- Miguel Ad\u00e3o<br \/>\nOpen- Jaime Jesus<br \/>\nDrop Knee- Nuno Trov\u00e3o<br \/>\nFeminino- Ana Ad\u00e3o<\/p>\n<p><strong>2011<\/strong><br \/>\nSub 16- Afonso Alexandre<br \/>\nSub 18- Miguel Ad\u00e3o<br \/>\nOpen- Jaime Jesus<br \/>\nFeminino- Ana Ad\u00e3o<\/p>\n<p><strong>2012<\/strong><br \/>\nSub 16-<br \/>\nSub 18-<br \/>\nOpen-<br \/>\nFeminino-Beatriz Morgado<\/p>\n<p><strong>2013<\/strong><br \/>\nSub 16-<br \/>\nSub 18-<br \/>\nOpen- F\u00e1bio Ferreira<br \/>\nFeminino-Beatriz Morgado<\/p>\n<p><strong>2014<\/strong><br \/>\nN\u00e3o foi realizado<\/p>\n<p><strong>2015<br \/>\n<\/strong>Sub 14- Bernardo Figueira<br \/>\nSub 16- Gon\u00e7alo Godinho<br \/>\nSub 18- Duarte Morgado<br \/>\nOpen- Jaime Jesus<br \/>\nFeminino- Carolina Esteves<\/p>\n<p><strong>2016<br \/>\n<\/strong>Sub 14- Tom\u00e1s Meca<br \/>\nSub 16- Afonso Silva<br \/>\nSub 18- Andr\u00e9 Rodrigues<br \/>\nOpen- Dino Carmo<br \/>\nFeminino- Ana Ad\u00e3o<\/p>\n<p><strong>2017<br \/>\n<\/strong>Sub 14- Tom\u00e1s Meca<br \/>\nSub 16- Tom\u00e1s Meca<br \/>\nSub 18- Pedro Veigas<br \/>\nOpen- Jaime Jesus<br \/>\nFeminino-Teresa Almedia<br \/>\nMaster- Tiago Ma\u00e7as<\/p>\n","protected":false},"excerpt":{"rendered":"<p>A HIST\u00d3RIA DO CIRCUITO INTERS\u00d3CIOS o seu 1\u00ba ano de exist\u00eancia (1994), o objetivo da ABFM foi organizar um circuito inters\u00f3cios de 3 categorias com 4 etapas, a realizar ao longo do ano nas praias da Figueira da Foz. Este circuito, de caracter\u00edsticas orientadas para o Bodyboard, iria incentivar mais bodyboarders para a competi\u00e7\u00e3o e [&hellip;]<\/p>\n","protected":false},"author":1,"featured_media":0,"parent":2542,"menu_order":4,"comment_status":"closed","ping_status":"closed","template":"","meta":{"footnotes":""},"_links":{"self":[{"href":"https:\/\/www.figueirabodyboard.pt\/index.php?rest_route=\/wp\/v2\/pages\/8924"}],"collection":[{"href":"https:\/\/www.figueirabodyboard.pt\/index.php?rest_route=\/wp\/v2\/pages"}],"about":[{"href":"https:\/\/www.figueirabodyboard.pt\/index.php?rest_route=\/wp\/v2\/types\/page"}],"author":[{"embeddable":true,"href":"https:\/\/www.figueirabodyboard.pt\/index.php?rest_route=\/wp\/v2\/users\/1"}],"replies":[{"embeddable":true,"href":"https:\/\/www.figueirabodyboard.pt\/index.php?rest_route=%2Fwp%2Fv2%2Fcomments&post=8924"}],"version-history":[{"count":29,"href":"https:\/\/www.figueirabodyboard.pt\/index.php?rest_route=\/wp\/v2\/pages\/8924\/revisions"}],"predecessor-version":[{"id":9271,"href":"https:\/\/www.figueirabodyboard.pt\/index.php?rest_route=\/wp\/v2\/pages\/8924\/revisions\/9271"}],"up":[{"embeddable":true,"href":"https:\/\/www.figueirabodyboard.pt\/index.php?rest_route=\/wp\/v2\/pages\/2542"}],"wp:attachment":[{"href":"https:\/\/www.figueirabodyboard.pt\/index.php?rest_route=%2Fwp%2Fv2%2Fmedia&parent=8924"}],"curies":[{"name":"wp","href":"https:\/\/api.w.org\/{rel}","templated":true}]}}